 14, r = j - 5*x + 10. Calculate the remainder when j is divided by 2.
1
Let w(o) = o**2 - 2*o - 21. What is the remainder when w(-6) is divided by 6?
3
What is the remainder when 63 is divided by (-1)/(1 - 28/26)?
11
Let n(g) = -g**3 + 2*g**2 + 4*g + 2. Let w be n(-3). Suppose -3*p + 131 = w. Calculate the remainder when p is divided by (4 - 10/(-25))/(6/15).
10
Let h(y) = 3*y + 13. Let f be h(9). Suppose -5*n + 60 = 5*j, -3*n - j + f = -0*j. Calculate the remainder when 27 is divided by n.
13
Suppose -2*z + 104 = 4*b + 28, -z - 5*b + 44 = 0. Calculate the remainder when z is divided by 18.
16
Calculate the remainder when 29 is divided by ((-6)/(-8))/1 + 164/16.
7
Suppose 3*t = 151 + 62. Calculate the remainder when t is divided by 18.
17
Suppose 6*m + 276 = 1002. Let t = m - 78. Let p(u) = -u**2 + 6*u + 6. What is the remainder when t is divided by p(5)?
10
Suppose 1 = -3*y + 19. Suppose 2*s = -8, -5*b - s = -2*s - 89. What is the remainder when b is divided by y?
5
Suppose f + 5*n = 32, -5*n = -3*f + 3 + 13. Suppose -w = w - 5*c - 44, -4*w - 5*c = -88. Calculate the remainder when w is divided by f.
10
Let b(p) = p + 7. Let m be b(-6). Calculate the remainder when -7 + 5 + m*87 is divided by 22.
19
Suppose 0*j - 20 = -5*j. Suppose 4 = -3*z - 5*d, 5*d = j*z - z - 16. Calculate the remainder when z is divided by (-3)/3 + (1 - -1).
0
Suppose -2*c - a = -c - 12, 5*c - 33 = 4*a. Let r = c + -2. What is the remainder when 25 is divided by r?
4
Let b = -12 + 92. Let w(n) = -n**3 + n**2 - n + 27. What is the remainder when b is divided by w(0)?
26
Let j = -6 - -38. Let t(g) = g**3 + 5*g**2 + g - 3. What is the remainder when j is divided by t(-4)?
5
Suppose 5*j - 4*b - 122 = 0, -2*j = -5*j - 3*b + 57. Suppose r - j = -6. What is the remainder when r is divided by 6?
4
Calculate the remainder when (-1)/(-2) - 145/(-10) is divided by 9.
6
Suppose -y - 1 = -8. What is the remainder when 8 is divided by y?
1
Let p(j) be the second derivative of -j**3 + j. Suppose -4*l = -s - 7, 9*s = 7*s - 5*l + 38. What is the remainder when p(-4) is divided by s?
6
Suppose -3*l + 0*l = -114. Suppose 0 = n - 111 + l. What is the remainder when n is divided by 25?
23
Suppose d = 3, d = -5*i + 6*d - 15. Suppose -72 = -2*f - i*f. What is the remainder when f is divided by 13?
10
Suppose -3*x + 13 = h, -2*h = -5*x - h + 19. Suppose 3*f - 5*a + 36 = 7*f, -3*f + 5*a - 8 = 0. Calculate the remainder when (x/6)/((-2)/(-33)) is divided by f.
3
Let u be (1 - 1)/(4/(-2)). Suppose 3*q + 2*x - 41 = -3*x, -3*q = 4*x - 40. Calculate the remainder when (-34)/((-1)/(1 + u)) is divided by q.
10
Suppose 28 = -2*j - 14. Let a be (2/1)/((-2)/11). Let i = a - j. What is the remainder when 28 is divided by i?
8
What is the remainder when (-2)/(-1 + -1)*67 is divided by (0 - (-4 - (-1 + 1))) + 19?
21
Suppose -161 = -5*x + 114. Calculate the remainder when x is divided by 15.
10
Let f(b) = b + 3. Let i be f(0). Suppose 2*s + 5*g - 25 = 0, 4*g - i*g = s - 16. Calculate the remainder when 44 is divided by s.
14
What is the remainder when 45 is divided by ((-2 - 0) + 1)*-12?
9
Let k = 47 - 1. Calculate the remainder when k is divided by 12.
10
Let u(m) = m**2 + 3*m - 5. Let f be u(-7). Let y = f - 11. Calculate the remainder when 32 is divided by y.
8
Suppose 2*i + 3*x - 91 = 0, x = -x + 10. Suppose -28*o + 26 = -26*o. What is the remainder when i is divided by o?
12
Let m(q) = -q**3 - 3*q - 3. Let w be m(-2). Suppose 0 = -d + w - 3. Calculate the remainder when 22 is divided by d.
6
Calculate the remainder when 43 is divided by 22/(2/1 - 0).
10
Suppose g + 1 - 16 = 0. What is the remainder when 59 is divided by g?
14
Let o = 75 + -25. Let j(z) = 12*z**2 + z. What is the remainder when o is divided by j(1)?
11
Let s = 26 - 18. Suppose 65 = 5*g - t, t = g - s - 5. Let f(p) = p**3 - 5*p**2 - 3*p + 5. What is the remainder when f(6) is divided by g?
10
Let m(v) = v**2 + v - 4. Suppose 2*k = 5*k. Let x be m(k). Let s = x + 12. Calculate the remainder when 15 is divided by s.
7
Let q be (-35)/11 + 10/55. Let v be ((-4)/(-12))/(1/q). What is the remainder when 29 is divided by 8 + (-3 - -4 - v)?
9
Let y(a) = a**2 + a - 35. What is the remainder when y(-13) is divided by 25?
21
Suppose -2*g - 9 = -3*s, -5*g = -4*s + s. Calculate the remainder when 8 is divided by s.
3
Let n(l) = l**2 - l. Let v(x) = -2*x**2 + 9*x - 3. Let z(o) = -3*n(o) - v(o). Let t = 36 - 30. What is the remainder when z(-4) is divided by t?
5
Suppose 6 = -0*j + 2*j. Suppose 3*n + 11 + 1 = 0, -3*n = j*m - 12. Calculate the remainder when 29 is divided by m.
5
Let y(p) = p - 5. Calculate the remainder when 29 is divided by y(11).
5
Let a = -7 + 17. Let k = 17 + a. Let l = k - 19. What is the remainder when 31 is divided by l?
7
Let o = 32 + 45. Suppose -5*r - 4*i = -318 - o, -r - 4*i + 79 = 0. Suppose r - 3 = 4*f. What is the remainder when f is divided by 7?
5
Suppose -3*m + 541 = 5*y, -2*y - 5*m - 33 = -257. What is the remainder when y is divided by 28?
23
Let q(d) be the third derivative of d**4/24 + 2*d**3/3 - d**2. Let i(a) = 2*a**2 - 3*a + 1. Let z be i(2). Calculate the remainder when q(z) is divided by 3.
1
Suppose -11*c + 138 + 181 = 0. What is the remainder when 41 is divided by c?
12
Suppose -3*f - 10 = -3*t - 2*t, 2*f - 8 = -4*t. Suppose 0 = 3*a + t - 50. What is the remainder when 30 is divided by a?
14
Let u(j) = 7*j**3 - j**2 + 3*j + 1. Let b(o) = 8*o**3 - o**2 + 4*o + 1. Let h(w) = 3*b(w) - 4*u(w). What is the remainder when h(-1) is divided by 3?
1
Suppose -4*t + 8*t = 204. Suppose 4*m - t = 1. What is the remainder when (-57)/2*4/(-3) is divided by m?
12
Let b(d) = d**2 + d + 10. Suppose 2*m - 3 = -2*m + r, m + 12 = -4*r. What is the remainder when 38 is divided by b(m)?
8
Let o = -172 - -255. Let u = o - 37. What is the remainder when u is divided by 12?
10
What is the remainder when 39 is divided by 10/(-80) - (-195)/24?
7
Let q = -49 + 91. Suppose 0 = s + s - q. Calculate the remainder when 83 is divided by s.
20
Let o(l) = -2*l + 10. Let c be o(3). Let q(m) = 3*m**3 - m**2 - 2*m + 4. Let h be q(3). Suppose -h = -c*f - f. What is the remainder when 40 is divided by f?
12
Let i be 28/4 + -3 + 1. Let k(w) = -w**3 + 6*w**2 + 7. Calculate the remainder when k(i) is divided by 11.
10
Let w(p) be the third derivative of p**5/60 + p**4/12 + p**3/6 + 10*p**2. Calculate the remainder when w(-5) is divided by 6.
4
Let l(i) = 2*i**3 + 2*i**2 + 3*i - 3. What is the remainder when l(2) is divided by 8?
3
Let v be (-133)/28 + 1/(-4). Let t(p) = -p**3 - 4*p**2 - p - 5. What is the remainder when t(v) is divided by 14?
11
Let q = -65 - -111. What is the remainder when 89 is divided by q?
43
Let b(c) = c**2 + 3*c - 5. What is the remainder when b(-10) is divided by 17?
14
Let t = 71 + -62. Suppose 20 = -0*d + 4*d. Suppose 53 = d*g - 27. Calculate the remainder when g is divided by t.
7
Let f be (-1 - -1 - -1)*0. Let l(n) = 1 - n + f - 8*n + 3*n. What is the remainder when l(-9) is divided by 19?
17
Let h(w) = 15*w + 19. Calculate the remainder when h(7) is divided by 25.
24
Let j = -3 + 12. What is the remainder when -2*65/2*4/(-10) is divided by j?
8
Suppose 5*j + 0*j = -5*y + 75, -5*j = 0. Calculate the remainder when y is divided by 6.
3
Let c be (50/(-4))/(2/(-16)). Suppose 7 = 2*l - 3*h - 8, 0 = -5*l - 5*h + c. What is the remainder when ((-19593)/49)/(-9) + 3/(-7) is divided by l?
14
Let g = -8 + -10. Calculate the remainder when (-4)/(-18) - 518/g is divided by 11/2*2 - 1.
9
Let v(u) = u + 2. Let d be 42/(-9)*6/(-4). Let a be v(d). Let h = a + 2. Calculate the remainder when 31 is divided by h.
9
Suppose 78 + 27 = 3*l. Calculate the remainder when 104 is divided by l.
34
Calculate the remainder when 155 is divided by 39/(-6)*(-1 + 1/(-1)).
12
Let c = -92 - -195. Calculate the remainder when c is divided by 13.
12
Let m = -3 + 6. Suppose 0 = 3*y + 4*c - 41, 2*c - 31 = -3*y + 12. Calculate the remainder when -118*m/(-6) + -2 is divided by y.
12
Suppose 2*i - 17 = 3*o, 5*o + 5 + 2 = -2*i. What is the remainder when 21 is divided by i?
1
What is the remainder when (37 - 7)*(7/3 - 1) is divided by 14?
12
Let l(n) = 5*n**2 - n + 1. Let w(q) = 4*q - 1. Let b be w(1). Let u(y) = y - 2. Let o be u(b). Calculate the remainder w